- (-17 - (-8 + 5 + 3 + -8)) - 2?
16
Calculate 177 + -193 - (-4 - -11).
-23
What is 8 - (63 + 1 + -20 + 11)?
-47
What is the value of 156 + -163 - (-1 - -1 - (19 - 14)) - 36?
-38
What is the value of (-1 - 2) + 35 + (-5 - -9) - 0?
36
(-8 - -6) + 15 + (-420 - -449) - (-4 + 0)
46
Calculate -58 + 20 + -58 + 6.
-90
What is the value of ((31 - (7 + -3 - 14)) + 5 - 5) + 3?
44
What is the value of (13 - (-7 - (-28 - (-7 - 9)))) + -26?
-18
What is the value of -138 - -128 - (11 - 59)?
38
27 - (92 + -26 + -4 + 35)
-70
24 - (-13 - -9) - (134 + -126 + -1 + 4)
17
24 + (-19 + (21 - 5) - -1)
22
Evaluate (138 + 40 - 36) + -114.
28
What is the value of (4284 - 4290) + (48 - -1)?
43
Calculate 89 + -31 - (7 + 4).
47
Evaluate -21 + (8 - 4) + (613 - 595).
1
What is -9 + -10 + ((-4 - 7) + 15 - 10) + 142?
117
What is ((-25 - -12) + 6 - -10) + 0 + -5?
-2
What is -161 + 274 + -115 + (50 - (2 - 1))?
47
What is 70 + -141 - (-1 - 8 - (-54 - -51))?
-65
45 - 35 - 91 - -51
-30
8 - (1 - (3 - 26 - -4)) - (9 + -2)
-19
What is -1 + 4 + -7 - -14 - (102 - (-22 + 51))?
-63
What is the value of -157 + (4 - -26) - -54?
-73
What is the value of -1792 + 1869 + (-10 - -6)?
73
82 + -67 + (-3 - (-8 + -14))
34
What is the value of 325 + -313 + (-2 - (-1 + -5)) + -19?
-3
Calculate -13 - (-1 - 30) - 21 - (1 - -56) - -7.
-53
(47 + -34 - 84) + 60
-11
Evaluate 101 + (78 - 111) - 121.
-53
(-61 - 12) + -9 + 38 + (33 - 46)
-57
What is -25 - (26 + -45) - (-6 - -1)?
-1
Calculate 71 - (8 - (-8 - 11)).
44
Evaluate -383 + 361 - ((-6 - 4) + 1 - -3).
-16
What is the value of -8 + -9 + 28 + (0 - (-13 + 18))?
6
Evaluate -18 - (-13 - (-13 - 29)).
-47
What is 1 + 74 + 187 + -225 + (47 - 4)?
80
3 - (-4 + 9) - (0 + -12 - -67) - 4
-61
-272 + 268 - (-1 - (1 - 2) - (85 - 62))
19
Calculate -14 + (-225 + 216 - (1 - 17)).
-7
What is the value of 3 + -38 - (597 + -584)?
-48
110 - (-21 - (-92 + 70 - (-18 + 4)))
123
Evaluate (-3 - 0) + (4071 + -4050 - (-2 + 2 + -41)).
59
56 + (-38 - (45 + -72))
45
(-4 - (7 - -131)) + (-24 - (44 + -71))
-139
What is (6 - 3 - 15) + (-41 - -28 - -11)?
-14
Evaluate 11 - (-12 + 4 - -19) - (82 + (-7 - -6)).
-81
Calculate 23 + -116 + -10 + -9 + (20 - 0).
-92
Evaluate 1 - -66 - (12719 + -12633).
-19
0 + 6 - ((-33 - (61 + -21)) + (-4 - 9))
92
50 - (-3 - -3) - (-19 + (44 - 4 - 20))
49
Evaluate 21 + 0 - (123 - 92) - 3.
-13
What is the value of -9 + (-14 - (1 - 0)) + (6 - 2)?
-20
What is the value of 5 + -3 + (25 - 8) + 6 + -8?
17
What is 136 - 247 - (2 - 159)?
46
What is the value of 24 + -28 - 9 - (-51 + -3)?
41
What is the value of -1 + 33 + 0 - (44646 + -44591)?
-23
What is 0 - -84 - (14 + -26 + -12 + 22)?
86
Evaluate (-3 - 7) + 2 - (-51 + 14 + 17 + -41).
53
14 + 12 + -14 + -15 + 14
11
Evaluate -34 + -15 - (-88 - -8).
31
Evaluate (-6 - 10) + (14 - 0) + 8 + -28.
-22
-110 + 105 + (19 - 2) + -16 + 11 + 2
9
Calculate (-5 - (11 + -7)) + (16 - 8 - 3) + -62.
-66
Evaluate 2 - (37 + (-28 - 83) + 2 + -1 + 11).
64
What is the value of -110 - (-178 - (-45 + -19))?
4
What is -2 + -5 + -8 + 13 + (5 - 11)?
-8
What is the value of 19 - (-2 + -30 + 21 + 0)?
30
Evaluate 1 + -13 + 4 - (67 - (-46 - -113)).
-8
88 + -103 + (4 - 1 - (-7 + 37))
-42
172 - 25 - (9 + 54)
84
What is the value of (-1 + -22 - (325 + -383)) + (2 - -1 - 7)?
31
What is the value of (52 - 91) + 74 + -28?
7
Evaluate 75 - (-31 - -138) - -12.
-20
(-50 - -3) + 23 + -19
-43
Calculate 40 - (57 + -14 + -27 + (2 - 6) - 6).
34
What is -15 - (2 - -6 - (13 - (-18 - -20) - 5))?
-17
What is -1 + (0 - 0) - (20 - (84 - 13))?
50
What is 122 - (-19 - -117) - (28 - 1)?
-3
What is the value of 78 - (0 - ((-1 - 0) + (144 - 155)))?
66
What is the value of 144 - (-4 + -10 + (-6 - -43) + 1 + -12)?
132
What is -370 - -363 - (17 + 1 + 2 + -5)?
-22
What is -1 + -69 + (-2748 - -2929)?
111
Evaluate -5 - (67 - (114 - 52)).
-10
What is the value of -30 - (-48 - -14 - (-24 + 6)) - 4?
-18
(-74 - -207 - 59) + -113
-39
0 - (-3 + (1 + -10 - -10) + 3 + 12)
-13
Evaluate (33 + -53 - -31) + (3 - 106) + 18.
-74
Evaluate -51 - (-20 + (-18 - -44) + 5 + -14).
-48
(40 - 0) + -120 + 82
2
Evaluate -10 + (-11 - 3) + 57 + -57 + 0.
-24
Evaluate (-9 - 5) + (23 - (-39 + 2)).
46
Calculate -59 + -17 - -4 - -46.
-26
Evaluate 15 + -25 + (-60 - 16) + 0 + 5.
-81
What is 56 + -1 + (9 - (62 + -62)) + (3 - 3)?
64
Calculate -811 - -810 - (28 + -25 + (51 - (-2 + 2))).
-55
What is the value of (123 + -166 - -129) + 39?
125
What is (22 - -4) + 222 + -191?
57
Evaluate -16 + 11 + -11 + (-29 + 10 - -91).
56
Calculate 3 + -4 + -1 + (13 - -25 - 11 - -5).
30
Evaluate 8 - (28 - ((12 - (12 - 3)) + -21)).
-38
What is -10 + (-36 + 37 - (0 - 1)) + -42?
-50
Calculate 8 - (-12 + 101 + -21).
-60
What is -16128 + 16104 + (1 - -42)?
19
Evaluate 29 + -78 - (4 + 3) - (0 + -3 + -2).
-51
Calculate -5 + (-47 - (-2 - -15)) + 16.
-49
Calculate -11 - (-4 + 1 - (-2 + -4)).
-14
Evaluate -8 - -28 - 1 - (-28 + (-4 - -10) + 16).
25
What is (-112 - -222) + -128 + 148?
130
What is the value of ((68 - 13) + -32 - -10) + -105?
-72
What is 10 - (13 + 1 + 244 + -238 - -3)?
-13
What is (11 + -72 - -60) + -28 + (4 - -1)?
-24
Evaluate -12 + -6 + 4 + 42 + -19.
9
What is 59 + -12 + -55 - (67 + -3 + 3)?
-75
Calculate (-43 + 34 - 35) + 39 + 2 + 0.
-3
-11 + -11 + (21 + -20 - -46)
25
What is the value of 63 + 7 + -51 + (-16 - -2)?
5
Calculate (-43 - (21 + -17 - -5)) + 17.
-35
Calculate 33 + -34 + (5 - -1) + -9 + 2 + 61.
59
What is -2367 - -2352 - (0 + -55 + 0)?
40
Evaluate -55 + 28 + 153 - 81.
45
What is the value of (-42 - (-10 + 22) - -16) + -13?
-51
What is the value of (215 - 220) + (-125 - (-4 + (6 - 9)))?
-123
-59 + 11 + -22 - -122
52
Calculate (4 + -15 - -9 - (1 - (7 - 3))) + 9.
10
Calculate -82 + 134 + -72 + 27.
7
What is 18 + 5 - (63 - (-9 - -61))?
12
Evaluate (-6 - 1 - -13) + 109 + 23 + -19 + -15.
104
What is 1 + -2 - ((-82 - -52) + 52)?
-23
What is the value of -121 - (-127 - -47) - -15?
-26
Evaluate 538 - 489 - ((-2 - -1) + -11 + 11).
50
What is 89 + -113 + 53 - (1 + -7 + 0)?
35
Evaluate -33 + (4 - (8 - 8 - -4) - 4) + 1.
-36
Evaluate 5 - (-1920 + 1965 + -125 + 1).
84
What is the value of -29 - ((20 - -2) + -37 + 1)?
-15
Evaluate (9 + 0 - (25 - (0 + 17))) + -7 - 51.
-57
Calculate -97 - -110 - (2 + -3 + 39) - 9.
-34
(-11 - 3 - (-6 + -15 + 2)) + -9 - 55
-59
Evaluate 10 - (38 + 21 - 73).
24
What is -24 - (-22 + -79 + -17)?
94
Calculate (-14 + 70 - 66) + -2 + 30.
18
What is 1 + 115 + (19 - -6) + 30 + -48 + -22?
101
-11 + (42 + 1 - 77)
-45
(-3 - -17 - 24) + 39 + -15 + -96 + -2
-84
What is (7 - (24 - -1)) + -1 + -49 + 6?
-62
What is the value of -20 - ((-10 - 16 - -24) + -79)?
61
(19 + -16 - 3) + (1 - -1) + -30
-28
-491 - -486 - (10 - 152)
137
Evaluate 57 - 40 - (39 - 8) - (0 + -25).
11
Evaluate 68 - 110 - (7 + -34).
-15
Evaluate -42 + ((4 - 6) + 9 - (0 + -4)).
-31
What is the value of (53 + -122 - -122) + (11 - 12)?
52
Evaluate 0 + 45 + 1 + (-52 + 57 - 6).
45
What is the value of 15 + (12 + -57 - -21)?
-9
Evaluate -2 - -11 - ((-38 - -90) + -48) - -62 - 9.
58
Calculate (21 - (1 - 38)) + -47.
11
(123 - 149) + 24 + 8
6
103 + -72 - (2 - 10) - -11
50
What is 78 - (53 + -120 - -127)?
18
What is the value of (-11 - (11 - 18 - -9)) + 77 + (-3 - 0)?
61
Evaluate -79 - (2 - 38) - -36.
-7
Evaluate -6 - 0 - (17 + -23) - -7.
7
What is the value of (66 + -7 + 0 - -12) + 3 + 18 + -4?
88
What is the value of (26 - 3) + (7 - (-5 - (6 - 34)))?
7
What is 72 + 44 + -65 + 2 + -25?
28
What is the value of 18 - (9 - 1 - (-21 - -23)) - (-121 - -65)?
68
Evaluate -19 + (-1 - (15 - 19)) + (5 - -1) - -73.
63
Calculate 19 + (3 - 15) + -7 - 34.
-34
Calculate -1 + -1 + -1 - (24 + (-18 - 33) - -76).
-52
Calculate -671 + 663 + (0 - (-3 - -2 - 16)).
9
Calculate 40 - (-59 + 50 + 21 + 2 + -12 + -3).
41
What is (83 - 114 - -35) + (-1 - 0) + 23 + 2?
28
What is the value of 5 + (9 + -26 - 5 - 4) + 0?
-21
What is the value of 14 + (0 - 2) - 1 - 3 - (-96 + 0)?
104
-13 - (12 + 0 - (-8 + 6) - 6)
-21
What is the value of 10 + (7 - 5) + (-13 - 18) + -23?
-42
What is the value of 581 + -492 + -181 + 12?
-80
Calculate 61 - (134 - 179 - -83).
23
What is the value of -36 + 38 + 59 + 3 + -11?
53
Evaluate (59 - -3) + -500 + 459.
21
Calculate (17 - 10 - -15) + -86 - 19.
-83
Evaluate -27 - (-44 - -12) - 13.
-8
What is -48 + 51 + 38 + -12?
29
-10 + 36 + -14 + -34 + -110 + 1
-131
What is -7 +